289 a composite number?
False
Is 33407 prime?
False
Is 223697 a composite number?
False
Is 14471 prime?
False
Is 54039 a composite number?
True
Is 19589 a composite number?
True
Is 28174 composite?
True
Is 1538311 a prime number?
True
Is 92761 composite?
False
Is 32173 a composite number?
False
Is 876059 a composite number?
True
Is 136237 a composite number?
False
Is 230719 a composite number?
False
Is 450491 a prime number?
False
Is 17831 a prime number?
False
Is 16759 prime?
True
Is 4367 prime?
False
Is 112327 a composite number?
False
Is 39469 a prime number?
False
Is 161726 a composite number?
True
Is 8499 prime?
False
Is 635 a composite number?
True
Is 10223 prime?
True
Is 4631 composite?
True
Is 568979 a composite number?
False
Is 615871 a composite number?
True
Is 1274209 composite?
False
Is 53441 a composite number?
False
Is 29551 a prime number?
False
Is 2671 composite?
False
Is 4663 composite?
False
Is 628249 prime?
False
Is 503003 a composite number?
False
Is 24355 a prime number?
False
Is 1211 a prime number?
False
Is 1099 composite?
True
Is 24329 a composite number?
False
Is 62171 prime?
True
Is 19235 a composite number?
True
Is 113429 a prime number?
False
Is 40633 a prime number?
False
Is 8663 a prime number?
True
Is 365107 a prime number?
True
Is 12881 a composite number?
True
Is 69811 a prime number?
False
Is 344771 prime?
False
Is 28277 a composite number?
False
Is 1932317 a prime number?
True
Is 40927 a prime number?
True
Is 95605 prime?
False
Is 967741 a prime number?
False
Is 35603 a composite number?
False
Is 6761 composite?
False
Is 179233 a composite number?
False
Is 10723 composite?
False
Is 6312677 a prime number?
False
Is 33081 prime?
False
Is 66653 a composite number?
False
Is 3343 a prime number?
True
Is 112657 prime?
True
Is 289 prime?
False
Is 3787 composite?
True
Is 32957 composite?
False
Is 9123 a composite number?
True
Is 10903 prime?
True
Is 33893 a prime number?
True
Is 5620543 composite?
False
Is 157991 a prime number?
True
Is 36833 a composite number?
False
Is 79957 composite?
True
Is 5077 prime?
True
Is 7 a prime number?
True
Is 3607 a prime number?
True
Is 175609 composite?
True
Is 522371 a prime number?
True
Is 16291 a composite number?
True
Is 5507 prime?
True
Is 138163 prime?
True
Is 2602033 prime?
False
Is 864373 composite?
True
Is 2719 prime?
True
Is 3877 a prime number?
True
Is 1295263 composite?
False
Is 37151 prime?
False
Is 134597 prime?
True
Is 2894 a prime number?
False
Is 303217 a composite number?
False
Is 1962437 composite?
False
Is 908477 composite?
True
Is 3419 a composite number?
True
Is 31121 a prime number?
True
Is 1125599 a prime number?
True
Is 4004989 a prime number?
True
Is 1340999 composite?
True
Is 370807 a composite number?
True
Is 2729 a composite number?
False
Is 2345638 composite?
True
Is 26141 prime?
True
Is 29231 composite?
False
Is 9677 a composite number?
False
Is 165247 composite?
False
Is 145349 composite?
False
Is 241711 a composite number?
False
Is 105319 composite?
False
Is 1481 a prime number?
True
Is 96367 composite?
True
Is 15923 prime?
True
Is 6022699 a composite number?
False
Is 2452631 a prime number?
False
Is 7341 composite?
True
Is 13283 composite?
True
Is 317903 composite?
False
Is 14435 a prime number?
False
Is 10174 prime?
False
Is 12003 a prime number?
False
Is 71405 composite?
True
Is 19283 a prime number?
False
Is 18607 composite?
True
Is 1003897 prime?
True
Is 1009 a prime number?
True
Is 72323 prime?
False
Is 55049 a composite number?
False
Is 86069 prime?
True
Is 186629 a composite number?
False
Is 5833 a prime number?
False
Is 11587 prime?
True
Is 516401 a prime number?
False
Is 16409 a composite number?
True
Is 397211 composite?
False
Is 186289 a prime number?
False
Is 18035 a prime number?
False
Is 55721 composite?
False
Is 289667 prime?
False
Is 137909 a composite number?
False
Is 28043 a prime number?
False
Is 92033 a composite number?
False
Is 50989 composite?
False
Is 18651 a prime number?
False
Is 8563 prime?
True
Is 11179 a composite number?
True
Is 289601 a prime number?
False
Is 108179 prime?
True
Is 123911 a composite number?
False
Is 377513 prime?
True
Is 85513 a composite number?
False
Is 22343 a prime number?
True
Is 11657 prime?
True
Is 1562255 a prime number?
False
Is 9953 prime?
False
Is 41351 a composite number?
False
Is 44483 a composite number?
False
Is 27385 a composite number?
True
Is 673313 a composite number?
False
Is 73181 composite?
False
Is 283031 a composite number?
True
Is 712774 prime?
False
Is 201523 a composite number?
True
Is 6809 prime?
False
Is 1074193 a prime number?
False
Is 561129 a prime number?
False
Is 10405 prime?
False
Is 2369 composite?
True
Is 1193093 a composite number?
True
Is 208601 prime?
False
Is 25523 a composite number?
False
Is 4405 prime?
False
Is 5711 a composite number?
False
Is 207589 prime?
True
Is 648007 prime?
True
Is 1399 prime?
True
Is 3327967 prime?
True
Is 65431 prime?
False
Is 35671 composite?
False
Is 10673 prime?
False
Is 2488541 composite?
True
Is 117259 a composite number?
False
Is 102439 prime?
False
Is 5413 a prime number?
True
Is 200063 composite?
False
Is 24281 prime?
True
Is 2861 a prime number?
True
Is 264367 composite?
True
Is 193423 a composite number?
False
Is 29059 a composite number?
False
Is 96199 a composite number?
False
Is 130765 a prime number?
False
Is 6373 a composite number?
False
Is 10193 composite?
False
Is 1409503 a composite number?
False
Is 3593 a prime number?
True
Is 1015277 composite?
False
Is 78623 a composite number?
False
Is 3847 prime?
True
Is 31821 a composite number?
True
Is 69743 a composite number?
True
Is 7989 prime?
False
Is 4987 prime?
True
Is 745 prime?
False
Is 33401 a composite number?
True
Is 682639 a prime number?
False
Is 217669 prime?
False
Is 79565 prime?
False
Is 60589 composite?
False
Is 257077 a prime number?
True
Is 355123 a composite number?
True
Is 14165 composite?
True
Is 343435 composite?
True
Is 42401 prime?
False
Is 69463 composite?
False
Is 23599 a prime number?
True
Is 3403259 composite?
False
Is 10357 a prime number?
True
Is 849461 a prime number?
True
Is 297233 a composite number?
False
Is 2333 a prime number?
True
Is 998581 a prime number?
False
Is 1661059 a composite number?
False
Is 95377 a prime number?
False
Is 10187 a prime number?
False
Is 36863 prime?
False
Is 435531 prime?
False
Is 750073 prime?
False
Is 415279 prime?
False
Is 335573 composite?
True
Is 12197 prime?
True
Is 294499 prime?
True
Is 16871 prime?
True
Is 8881 prime?
False
Is 7563 a composite number?
True
Is 40294 a composite number?
True
Is 8767 a prime number?
False
Is 21379 prime?
True
Is 892051 composite?
True
Is 12707 composite?
True
Is 138715 a composite number?
True
Is 86239 composite?
False
Is 985691 composite?
True
Is 57527 prime?
True
Is 164609 prime?
False
Is 5399 prime?
True
Is 129037 a prime number?
True
Is 97213 a composite number?
False
Is 328163 a composite number?
True
Is 96323 composite?
False
Is 21205 prime?
False
Is 10903 composite?
False
Is 8369 a prime number?
True
Is 137069 a composite number?
True
Is 12143 prime?
True
Is 285049 a composite number?
False
Is 3977 prime?
False
Is 9221 a prime number?
True
Is 2443 composite?
True
Is 25523 a composite number?
False
Is 491417 a composite number?
False
Is 493367 composite?
True
Is 927287 composite?
False
Is 155347 composite?
True
Is 1141417 prime?
True
Is 194227 prime?
False
Is 15091 a composite number?
False
Is 643619 a composite number?
False
Is 2071319 prime?
True
Is 52013 composite?
True
Is 4357 a prime number?
True
Is 6239 a composite number?
True
Is 30511 composite?
True
Is 3541 prime?
True
Is 277259 composite?
False
Is 8923 prime?
True
Is 55103 composite?
False
Is 360803 prime?
True
Is 1747357 a prime number?
False
Is 1357477 a prime number?
False
Is 96377 composite?
False
Is 797 a prime number?
True
Is 36167 composite?
True
Is 233549 prime?
True
Is 40669 composite?
True
Is 7433 composite?
False
Is 45613 composite?
False
Is 382 prime?
False
Is 15203 prime?
False
Is 137477 composite?
False
Is 1361 prime?
True
Is 23039 a prime number?
True
Is 1259 a composite number?
False
Is 51749 composite?
False
Is 616646 a prime number?
False
Is 5297 composite?
False
Is 112943 a prime numbe